4, what is 1 - 262c?
-262b
In base 7, what is 10063 + 23?
10116
In base 16, what is -e3 + -2f?
-112
In base 3, what is -1212 + 21202020?
21200101
In base 7, what is 145 - -14366?
14544
In base 3, what is 100 + 11102112?
11102212
In base 3, what is -110 + 11000220?
11000110
In base 6, what is 451111 + -3?
451104
In base 8, what is -51056 - 0?
-51056
In base 4, what is -2322002 + -300?
-2322302
In base 4, what is 1313323311 - 0?
1313323311
In base 14, what is -4099 - 19?
-40b4
In base 2, what is -110 - -111110011000111?
111110011000001
In base 14, what is 14aa59 - -1?
14aa5a
In base 8, what is 4757 + 124?
5103
In base 13, what is 1bb5 - a1?
1b14
In base 4, what is -3022 - -1031?
-1331
In base 7, what is -166 + -2252?
-2451
In base 2, what is 11000 - 101101000010011010?
-101101000010000010
In base 14, what is -662da + -4?
-66300
In base 7, what is -16 - 12212?
-12231
In base 7, what is -1024 + -20255?
-21312
In base 6, what is -415 + 2010?
1151
In base 2, what is -11010100000 + -111?
-11010100111
In base 9, what is -4 - 183647?
-183652
In base 4, what is 333322 - -1?
333323
In base 6, what is -223154 - -12?
-223142
In base 4, what is -211122102 + 3?
-211122033
In base 5, what is -11 + -1240313?
-1240324
In base 14, what is 24 - 3248?
-3224
In base 13, what is -1 - 22b11a?
-22b11b
In base 7, what is -26 + 5211?
5152
In base 5, what is 4 - -41133032?
41133041
In base 14, what is 45 - -95?
da
In base 8, what is 5 - 23264?
-23257
In base 7, what is 5 - 33105?
-33100
In base 6, what is 1115 + 50355?
51514
In base 13, what is -2718 - -3b?
-26aa
In base 4, what is 10 + -3323120?
-3323110
In base 3, what is 12021 - -1210102?
1222200
In base 13, what is 4b + 61c?
66a
In base 16, what is 9 - -845?
84e
In base 12, what is 557 - 4?
553
In base 8, what is 465220 + 4?
465224
In base 15, what is 2c1b5c + -5?
2c1b57
In base 5, what is 3 + 10342?
10400
In base 16, what is 3 + 50ec?
50ef
In base 10, what is -12 - -5928?
5916
In base 3, what is -210112 - -2000?
-201112
In base 12, what is 45 - 24a52?
-24a09
In base 6, what is 5 + -2101521?
-2101512
In base 11, what is -41 - 344?
-385
In base 5, what is 11414343 + 1?
11414344
In base 16, what is aa9 + 24?
acd
In base 4, what is -10 - -2201000?
2200330
In base 15, what is 1179 - -1?
117a
In base 5, what is -4 + 101221?
101212
In base 15, what is 2c5 + 5a?
330
In base 8, what is -2217 + 521?
-1476
In base 15, what is -e506 - 2?
-e508
In base 6, what is -201 - -55100?
54455
In base 16, what is -2 + -1ae4?
-1ae6
In base 2, what is -100 + -1101001101001001100?
-1101001101001010000
In base 7, what is 1501602 - 16?
1501553
In base 14, what is -5 + 7d472?
7d46b
In base 14, what is 7 - -3b9a?
3ba3
In base 5, what is 230 + 1302031?
1302311
In base 5, what is -1 + -2343132?
-2343133
In base 16, what is 0 + -2536?
-2536
In base 10, what is -400 + -397?
-797
In base 7, what is -205235 - -5?
-205230
In base 2, what is 0 - -110000010001?
110000010001
In base 8, what is -635 - -24?
-611
In base 10, what is 19059 + 6?
19065
In base 8, what is -503637 + -3?
-503642
In base 10, what is -8156 + 1?
-8155
In base 14, what is 3 - -40dc?
4101
In base 15, what is -3 + -9ae0b?
-9ae0e
In base 8, what is 11703727 - 2?
11703725
In base 13, what is 64cab + -3?
64ca8
In base 16, what is 2 + -1c798?
-1c796
In base 2, what is 10000111010000 - -100?
10000111010100
In base 13, what is 0 + -282a8b?
-282a8b
In base 12, what is 290a + 11?
291b
In base 14, what is 573b + -9?
5732
In base 10, what is -40046 + 1?
-40045
In base 12, what is -494a99 + -2?
-494a9b
In base 4, what is 10012211 - -3?
10012220
In base 5, what is -132130 - 110?
-132240
In base 16, what is 5 + -aae?
-aa9
In base 15, what is 1a1 - 16b8?
-1517
In base 14, what is 25942 - -5?
25947
In base 2, what is -110001000100111 + -100?
-110001000101011
In base 15, what is 1144ce + 3?
1144d2
In base 15, what is -1cb + 7?
-1c4
In base 5, what is 0 + -1011321?
-1011321
In base 9, what is -548 + 35?
-513
In base 10, what is 604 - 4274?
-3670
In base 2, what is 1000000000 - -1000010?
1001000010
In base 15, what is -278 + 149?
-12e
In base 10, what is 0 + 6739?
6739
In base 4, what is 102 - 2300133?
-2300031
In base 16, what is 2 - -5fafe?
5fb00
In base 9, what is -1121 - -514?
-506
In base 12, what is 2 + 575009?
57500b
In base 7, what is -20162331 + -2?
-20162333
In base 13, what is 1389 - 0?
1389
In base 10, what is -5294 + 3?
-5291
In base 15, what is 1806 - -55?
185b
In base 5, what is 11 - 112224?
-112213
In base 3, what is -1020200 + 1200?
-1012000
In base 7, what is -114350 + -5?
-114355
In base 6, what is 32 - -23420?
23452
In base 5, what is 13221320 + 0?
13221320
In base 13, what is 1a8611 + 0?
1a8611
In base 5, what is -1 - -114413?
114412
In base 2, what is -1000 - -1010110010011?
1010110001011
In base 16, what is -d22 + -33?
-d55
In base 14, what is -20ab7 + -1?
-20ab8
In base 12, what is 166b3 - 38?
16677
In base 9, what is -5 + -8416?
-8422
In base 3, what is -110012012 + 12?
-110012000
In base 12, what is -3a0 - 89?
-469
In base 14, what is -5435 - -15?
-5420
In base 13, what is -bb - 168?
-256
In base 6, what is -101 + -52044?
-52145
In base 13, what is 2 + 25732?
25734
In base 13, what is -b - 8244?
-8252
In base 4, what is 32301100 - 0?
32301100
In base 15, what is c39 - a?
c2e
In base 8, what is -33335 - 6?
-33343
In base 14, what is 3 + -8884?
-8881
In base 15, what is -3 + b416?
b413
In base 5, what is 124 + -31304?
-31130
In base 11, what is 0 + -218a2?
-218a2
In base 4, what is 101 + 331322?
332023
In base 5, what is -2122 + -201?
-2323
In base 12, what is -14 - 18a85?
-18a99
In base 13, what is -30 + -566?
-596
In base 12, what is 5 - 21477?
-21472
In base 6, what is 22 + -112200?
-112134
In base 5, what is 3433 + 10244?
14232
In base 10, what is 706 - -7?
713
In base 10, what is 1721 + 31?
1752
In base 14, what is -836 + -42?
-878
In base 3, what is -2 - -202222120?
202222111
In base 3, what is 20110122111 - -12?
20110122200
In base 9, what is -2213 + 18?
-2184
In base 15, what is 9464 + 6?
946a
In base 9, what is -12487 + 3?
-12484
In base 8, what is -133700 - 4?
-133704
In base 3, what is 1002011021 - 22?
1002010222
In base 13, what is 90ba5 - -4?
90ba9
In base 12, what is -166 - 213?
-379
In base 14, what is 27b - 27?
254
In base 2, what is -1 + -100000010110010010101?
-100000010110010010110
In base 2, what is -100110101011100 - 101?
-100110101100001
In base 15, what is 1 - -5d3e3?
5d3e4
In base 11, what is -26345 + 6?
-2633a
In base 15, what is -e + 4d6d?
4d5e
In base 16, what is -42a + 0?
-42a
In base 9, what is 325 - 1273?
-847
In base 6, what is -4003353 + 5?
-4003344
In base 11, what is 2a49 - 37?
2a12
In base 14, what is 0 - 22652?
-22652
In base 6, what is 340 + 442?
1222
In base 10, what is -2590776 - 2?
-2590778
In base 6, what is -44 - 40104?
-40152
In base 9, what is 427607 - -5?
427613
In base 7, what is -135051 - 0?
-135051
In base 10, what is -5 + 80201?
80196
In base 7, what is -1465 + 542?
-623
In base 16, what is -1 - 5dd?
-5de
In base 14, what is -14d3d + 4?
-14d39
In base 2, what is -10000010011111 - 110?
-10000010100101
In base 4, what is 1003202300 - 22?
1003202212
In base 7, what is -5254 - -302?
-4652
In base 11, what is -5 - -468743?
468739
In base 10, what is -5 - 14162?
-14167
In base 7, what is -10253115 - 3?
-10253121
In base 7, what is 33 + 145524?
145560
In base 13, what is 1c75 + c?
1c84
In base 14, what is -3d5 - 48?
-43d
In base 10, what is -133079 + 1?
-133078
In base 12, what is -61648 - 3?
-6164b
In base 10, what is -9948 - -3?
-9945
In base 14, what is 5 + -14c5?
-14c0
In base 15, what is 1 - -2e6d8?
2e6d9
In base 15, what is 57737 - -6?
5773d
In base 10, what is -8 + -54120?
-54128
In base 5, what is 0 + 342103?
342103
In base 11, what is -5 - 1953?
-1958
In base 6, what is 1 - -1012200?
1012201
In base 13, what is -4 + 313422?
31341b
In base 9, what is -3404 - -2801?
-503
In base 5, what is 434 - -40343?
41332
In base 11, what is -1072345 - 3?
-1072348
In base 15, what is 1c58 + 1a?
1c73
In base 8, what is -5565 - 51?
-5636
In base 10, what is 62372 + 35?
62407
In base 11, what is -61 + 27615?
27564
In base 3, what is 12212202 + -2?
12212200
In base 2, what is -1011 - -100001100000000?
100001011110101
In base 9, what is 162836 -